{"id":59,"date":"2023-10-17T01:33:14","date_gmt":"2023-10-17T01:33:14","guid":{"rendered":"https:\/\/psico-space.com\/?page_id=59"},"modified":"2026-01-06T15:52:16","modified_gmt":"2026-01-06T15:52:16","slug":"inicio","status":"publish","type":"page","link":"https:\/\/psico-space.com\/","title":{"rendered":"Inicio"},"content":{"rendered":"<style>\/*! elementor - v3.16.0 - 09-10-2023 *\/<br \/>\n.elementor-column .elementor-spacer-inner{height:var(--spacer-size)}.e-con{--container-widget-width:100%}.e-con-inner>.elementor-widget-spacer,.e-con>.elementor-widget-spacer{width:var(--container-widget-width,var(--spacer-size));--align-self:var(--container-widget-align-self,initial);--flex-shrink:0}.e-con-inner>.elementor-widget-spacer>.elementor-widget-container,.e-con>.elementor-widget-spacer>.elementor-widget-container{height:100%;width:100%}.e-con-inner>.elementor-widget-spacer>.elementor-widget-container>.elementor-spacer,.e-con>.elementor-widget-spacer>.elementor-widget-container>.elementor-spacer{height:100%}.e-con-inner>.elementor-widget-spacer>.elementor-widget-container>.elementor-spacer>.elementor-spacer-inner,.e-con>.elementor-widget-spacer>.elementor-widget-container>.elementor-spacer>.elementor-spacer-inner{height:var(--container-widget-height,var(--spacer-size))}.e-con-inner>.elementor-widget-spacer.elementor-widget-empty,.e-con>.elementor-widget-spacer.elementor-widget-empty{position:relative;min-height:22px;min-width:22px}.e-con-inner>.elementor-widget-spacer.elementor-widget-empty .elementor-widget-empty-icon,.e-con>.elementor-widget-spacer.elementor-widget-empty .elementor-widget-empty-icon{position:absolute;top:0;bottom:0;left:0;right:0;margin:auto;padding:0;width:22px;height:22px}<\/style>\n<style>\/*! elementor - v3.16.0 - 09-10-2023 *\/<br \/>\n.elementor-heading-title{padding:0;margin:0;line-height:1}.elementor-widget-heading .elementor-heading-title[class*=elementor-size-]>a{color:inherit;font-size:inherit;line-height:inherit}.elementor-widget-heading .elementor-heading-title.elementor-size-small{font-size:15px}.elementor-widget-heading .elementor-heading-title.elementor-size-medium{font-size:19px}.elementor-widget-heading .elementor-heading-title.elementor-size-large{font-size:29px}.elementor-widget-heading .elementor-heading-title.elementor-size-xl{font-size:39px}.elementor-widget-heading .elementor-heading-title.elementor-size-xxl{font-size:59px}<\/style>\n<h1>Mejora tu calidad de vida y bienestar psicol\u00f3gico.<\/h1>\n<p><a role=\"button\"><br \/>\nAgenda tu cita<br \/>\n<\/a>\n\t\t\t \t<link rel=\"stylesheet\" href=\"https:\/\/psico-space.com\/wp-content\/plugins\/elementor-pro\/assets\/css\/widget-call-to-action.min.css\">\n<h4><\/h4>\n<h2>\u00bfQu\u00e9 es PsicoSpace?<\/h2>\n<link rel=\"stylesheet\" href=\"https:\/\/psico-space.com\/wp-content\/plugins\/elementor\/assets\/css\/widget-icon-box.min.css\">\n<h3>\n\t\t\t\t\t\tTerapia Online<\/h3>\n<p>en tiempo real por videoconferencia usando herramientas digitales sencillas, pr\u00e1cticas y l\u00fadicas.<\/p>\n<h3>\n\t\t\t\t\t\tTrabajamos a distancia<\/h3>\n<p>manteniendo la cercan\u00eda a trav\u00e9s de herramientas digitales actualizadas.<\/p>\n<h3>\n\t\t\t\t\t\tConstruimos el desarrollo<\/h3>\n<p>PERSONAL y PROFESIONAL a trav\u00e9s de una asistencia personalizada: Coaching &#038; Therapy.<\/p>\n<h2>Detecta tus necesidades mediante una autoevaluaci\u00f3n de 5 minutos.<\/h2>\n<p>Contesta el cuestionario y obt\u00e9n una perspectiva inicial sobre las necesidades a desarrollar en psicoterapia. Eval\u00faa los niveles de <b>Bienestar Psicol\u00f3gico<\/b> y <b>Estr\u00e9s acumulado<\/b>.<\/p>\n<p><a role=\"button\"><br \/>\nAutoevaluaci\u00f3n<br \/>\n<\/a><\/p>\n<h2>\u00bfC\u00f3mo funciona?<\/h2>\n<p>El entrenamiento para el desarrollo de habilidades est\u00e1 asentado en t\u00e9cnicas basadas en la evidencia emp\u00edrica y que han mostrado eficacia sobre fundamentos te\u00f3ricos en <b>Bienestar Psicol\u00f3gico (Well-Being)<\/b>, mediante modelos de intervenci\u00f3n basado en la <b>Terapia Cognitivo Conductual (TCC)<\/b>, <b>Aceptaci\u00f3n y Compromiso (ACT)<\/b> y t\u00e9cnicas de Mindfulness<\/p>\n<p><b>La duraci\u00f3n depende del tipo de sesi\u00f3n a elegir (30 o 60 minutos)<\/b><\/p>\n<style>\/*! elementor-pro - v3.16.0 - 20-09-2023 *\/<br \/>\n.elementor-widget-price-list .elementor-price-list{list-style:none;padding:0;margin:0}.elementor-widget-price-list .elementor-price-list li{margin:0}.elementor-price-list li:not(:last-child){margin-bottom:20px}.elementor-price-list .elementor-price-list-image{max-width:50%;flex-shrink:0;padding-right:25px}.elementor-price-list .elementor-price-list-image img{width:100%}.elementor-price-list .elementor-price-list-header,.elementor-price-list .elementor-price-list-item,.elementor-price-list .elementor-price-list-text{display:flex}.elementor-price-list .elementor-price-list-item{align-items:flex-start}.elementor-price-list .elementor-price-list-item .elementor-price-list-text{align-items:flex-start;flex-wrap:wrap;flex-grow:1}.elementor-price-list .elementor-price-list-item .elementor-price-list-header{align-items:center;flex-basis:100%;font-size:19px;font-weight:600;margin-bottom:10px;justify-content:space-between}.elementor-price-list .elementor-price-list-item .elementor-price-list-title{max-width:80%}.elementor-price-list .elementor-price-list-item .elementor-price-list-price{font-weight:600}.elementor-price-list .elementor-price-list-item p.elementor-price-list-description{flex-basis:100%;font-size:14px;margin:0}.elementor-price-list .elementor-price-list-item .elementor-price-list-separator{flex-grow:1;margin-left:10px;margin-right:10px;border-bottom-style:dotted;border-bottom-width:2px;height:0}.elementor-price-table{text-align:center}.elementor-price-table .elementor-price-table__header{background:var(--e-price-table-header-background-color,#555);padding:20px 0}.elementor-price-table .elementor-price-table__heading{margin:0;padding:0;line-height:1.2;font-size:24px;font-weight:600;color:#fff}.elementor-price-table .elementor-price-table__subheading{font-size:13px;font-weight:400;color:#fff}.elementor-price-table .elementor-price-table__original-price{margin-right:15px;text-decoration:line-through;font-size:.5em;line-height:1;font-weight:400;align-self:center}.elementor-price-table .elementor-price-table__original-price .elementor-price-table__currency{font-size:1em;margin:0}.elementor-price-table .elementor-price-table__price{display:flex;justify-content:center;align-items:center;flex-wrap:wrap;flex-direction:row;color:#555;font-weight:800;font-size:65px;padding:40px 0}.elementor-price-table .elementor-price-table__price .elementor-typo-excluded{line-height:normal;letter-spacing:normal;text-transform:none;font-weight:400;font-size:medium;font-style:normal}.elementor-price-table .elementor-price-table__after-price{display:flex;flex-wrap:wrap;text-align:start;align-self:stretch;align-items:flex-start;flex-direction:column}.elementor-price-table .elementor-price-table__integer-part{line-height:.8}.elementor-price-table .elementor-price-table__currency,.elementor-price-table .elementor-price-table__fractional-part{line-height:1;font-size:.3em}.elementor-price-table .elementor-price-table__currency{margin-right:3px}.elementor-price-table .elementor-price-table__period{width:100%;font-size:13px;font-weight:400}.elementor-price-table .elementor-price-table__features-list{list-style-type:none;margin:0;padding:0;line-height:1;color:var(--e-price-table-features-list-color)}.elementor-price-table .elementor-price-table__features-list li{font-size:14px;line-height:1;margin:0;padding:0}.elementor-price-table .elementor-price-table__features-list li .elementor-price-table__feature-inner{margin-left:15px;margin-right:15px}.elementor-price-table .elementor-price-table__features-list li:not(:first-child):before{content:\"\";display:block;border:0 solid hsla(0,0%,47.8%,.3);margin:10px 12.5%}.elementor-price-table .elementor-price-table__features-list i{margin-right:10px;font-size:1.3em}.elementor-price-table .elementor-price-table__features-list svg{margin-right:10px;fill:var(--e-price-table-features-list-color);height:1.3em;width:1.3em}.elementor-price-table .elementor-price-table__features-list svg~*{vertical-align:text-top}.elementor-price-table .elementor-price-table__footer{padding:30px 0}.elementor-price-table .elementor-price-table__additional_info{margin:0;font-size:13px;line-height:1.4}.elementor-price-table__ribbon{position:absolute;top:0;left:auto;right:0;transform:rotate(90deg);width:150px;overflow:hidden;height:150px}.elementor-price-table__ribbon-inner{text-align:center;left:0;width:200%;transform:translateY(-50%) translateX(-50%) translateX(35px) rotate(-45deg);margin-top:35px;font-size:13px;line-height:2;font-weight:800;text-transform:uppercase;background:#000}.elementor-price-table__ribbon.elementor-ribbon-left{transform:rotate(0);left:0;right:auto}.elementor-price-table__ribbon.elementor-ribbon-right{transform:rotate(90deg);left:auto;right:0}.elementor-widget-price-table .elementor-widget-container{overflow:hidden;background-color:#f9fafa}.e-con-inner>.elementor-widget-price-list,.e-con>.elementor-widget-price-list{width:var(--container-widget-width);--flex-grow:var(--container-widget-flex-grow)}<\/style>\n<h3>\n\t\t\t\t\t\tCoaching<\/h3>\n<p>&#8364;<br \/>\n35<br \/>\npor sesi\u00f3n<\/p>\n<ul>\n<li>\n\t\t\t\t\t\t\t\t\t\tOrientaci\u00f3n y apoyo terap\u00e9utico profesional. Se establecer\u00e1n objetivos de trabajo acorde a tus necesidades, centrada en el entrenamiento de aspectos positivos que apuntalen a un desarrollo individual funcional, \u00f3ptimo.<\/li>\n<li>\n\t\t\t\t\t\t\t\t\t\tPlanteamiento de objetivos<\/li>\n<li>\n\t\t\t\t\t\t\t\t\t\tSoluci\u00f3n de problemas<\/li>\n<li>\n\t\t\t\t\t\t\t\t\t\tBienestar y calidad de vida<\/li>\n<\/ul>\n<p><a href=\"#\"><br \/>\nAgenda tu cita\t\t\t\t\t\t<\/a><br \/>\n*Primera sesi\u00f3n de coaching gratis.<br \/>\n30 min<\/p>\n<ul>\n<li><a href=\"#\"><br \/>\n1 sesi\u00f3n<br \/>\n\u20ac35<\/p>\n<p>Primera sesi\u00f3n de coaching gratis.<\/p>\n<p><\/a><\/li>\n<\/ul>\n<h3>\n\t\t\t\t\t\tTerapia<\/h3>\n<p>&#8364;<br \/>\n60<br \/>\npor sesi\u00f3n<\/p>\n<ul>\n<li>\n\t\t\t\t\t\t\t\t\t\tDeber\u00e1s realizar un test de evaluaci\u00f3n cl\u00ednica. Se establecer\u00e1n objetivos terap\u00e9uticos para disminuir la sintomatolog\u00eda y mejorar el Bienestar Psicol\u00f3gico, encaminado a objetivos personales y profesionales centrado en el entrenamiento en herramientas personales de afrontamiento.<\/li>\n<li>\n\t\t\t\t\t\t\t\t\t\tPlanteamiento de objetivos<\/li>\n<li>\n\t\t\t\t\t\t\t\t\t\tPsicoeducaci\u00f3n emocional<\/li>\n<li>\n\t\t\t\t\t\t\t\t\t\tMindfulness<\/li>\n<li>\n\t\t\t\t\t\t\t\t\t\tAfrontamiento de estr\u00e9s y calidad de vida<\/li>\n<li>\n\t\t\t\t\t\t\t\t\t\tRelaciones positivas<\/li>\n<li>\n\t\t\t\t\t\t\t\t\t\tSoluci\u00f3n de problemas<\/li>\n<li>\n\t\t\t\t\t\t\t\t\t\tProyecto de vida y crecimiento personal<\/li>\n<\/ul>\n<p><a href=\"#\"><br \/>\nAgenda tu cita\t\t\t\t\t\t<\/a><br \/>\n60 min<\/p>\n<ul>\n<li><a href=\"#\"><br \/>\n1 sesi\u00f3n<br \/>\n\u20ac60<\/p>\n<p>Sesi\u00f3n \u00fanica.<\/p>\n<p><\/a><\/li>\n<li><a href=\"#\"><br \/>\n4 sesiones<br \/>\n\u20ac220<\/p>\n<p>Pago \u00fanico de \u20ac220 (\u20ac55 por sesi\u00f3n). L\u00edmite de uso: 3 meses<\/p>\n<p><\/a><\/li>\n<li><a href=\"#\"><br \/>\n8 sesiones<br \/>\n$400<\/p>\n<p>Pago \u00fanico de \u20ac400 (\u20ac50 por sesi\u00f3n). L\u00edmite de uso: 6 meses<\/p>\n<p><\/a><\/li>\n<\/ul>\n<h3>\n\t\t\t\t\t\tGrupal<\/h3>\n<p>&#8364;<br \/>\n70<br \/>\npor sesi\u00f3n<\/p>\n<ul>\n<li>\n\t\t\t\t\t\t\t\t\t\tPareja \/ Familiar<\/li>\n<li>\n\t\t\t\t\t\t\t\t\t\tSe establecer\u00e1 trabajo individual y grupal para la adecuaci\u00f3n a necesidades.<\/li>\n<\/ul>\n<p><a href=\"#\"><br \/>\nAgenda tu cita\t\t\t\t\t\t<\/a><\/p>\n<ul>\n<li><a href=\"#\"><br \/>\n1 sesi\u00f3n<br \/>\n\u20ac70<\/p>\n<p>Primera sesi\u00f3n de coaching gratis.<\/p>\n<p><\/a><\/li>\n<li><a href=\"#\"><br \/>\n4 sesiones<br \/>\n\u20ac260<\/p>\n<p>Pago \u00fanico de \u20ac260 (\u20ac65 por sesi\u00f3n). L\u00edmite de uso: 3 meses<\/p>\n<p><\/a><\/li>\n<li><a href=\"#\"><br \/>\n8 sesiones<br \/>\n$480<\/p>\n<p>Pago \u00fanico de \u20ac480 (\u20ac60 por sesi\u00f3n). L\u00edmite de uso: 6 meses<\/p>\n<p><\/a><\/li>\n<\/ul>\n<h3>\n\t\t\t\t\t\tTalleres<\/h3>\n<p>&#8364;<br \/>\n100<br \/>\npor hora<\/p>\n<ul>\n<li>\n\t\t\t\t\t\t\t\t\t\tTalleres o charlas<\/li>\n<\/ul>\n<p><a href=\"#\"><br \/>\nAgenda tu cita\t\t\t\t\t\t<\/a><\/p>\n","protected":false},"excerpt":{"rendered":"<p>Mejora tu calidad de vida y bienestar psicol\u00f3gico. Agenda tu cita \u00bfQu\u00e9 es PsicoSpace? Terapia Online en tiempo real por videoconferencia usando herramientas digitales sencillas, pr\u00e1cticas y l\u00fadicas. Trabajamos a distancia manteniendo la cercan\u00eda a trav\u00e9s de herramientas digitales actualizadas. Construimos el desarrollo PERSONAL y PROFESIONAL a trav\u00e9s de una asistencia personalizada: Coaching &#038; Therapy. [&hellip;]<\/p>\n","protected":false},"author":1,"featured_media":115,"parent":0,"menu_order":0,"comment_status":"closed","ping_status":"closed","template":"elementor_header_footer","meta":{"footnotes":""},"class_list":["post-59","page","type-page","status-publish","has-post-thumbnail","hentry"],"_links":{"self":[{"href":"https:\/\/psico-space.com\/index.php?rest_route=\/wp\/v2\/pages\/59","targetHints":{"allow":["GET"]}}],"collection":[{"href":"https:\/\/psico-space.com\/index.php?rest_route=\/wp\/v2\/pages"}],"about":[{"href":"https:\/\/psico-space.com\/index.php?rest_route=\/wp\/v2\/types\/page"}],"author":[{"embeddable":true,"href":"https:\/\/psico-space.com\/index.php?rest_route=\/wp\/v2\/users\/1"}],"replies":[{"embeddable":true,"href":"https:\/\/psico-space.com\/index.php?rest_route=%2Fwp%2Fv2%2Fcomments&post=59"}],"version-history":[{"count":85,"href":"https:\/\/psico-space.com\/index.php?rest_route=\/wp\/v2\/pages\/59\/revisions"}],"predecessor-version":[{"id":284,"href":"https:\/\/psico-space.com\/index.php?rest_route=\/wp\/v2\/pages\/59\/revisions\/284"}],"wp:featuredmedia":[{"embeddable":true,"href":"https:\/\/psico-space.com\/index.php?rest_route=\/wp\/v2\/media\/115"}],"wp:attachment":[{"href":"https:\/\/psico-space.com\/index.php?rest_route=%2Fwp%2Fv2%2Fmedia&parent=59"}],"curies":[{"name":"wp","href":"https:\/\/api.w.org\/{rel}","templated":true}]}}